 l(v) = v**3 + 12*v**2 - 6*v + 10. Let a(g) = g. Let i(u) = y*l(u) + 3*a(u). What is the tens digit of i(-13)?
4
Let q be ((-6)/(-6))/(((-10)/(-18))/(-5)). What is the units digit of 120/3 - 3*3/q?
1
Let b = 309 - 1038. Let n = 776 + b. What is the tens digit of n?
4
Let k = 62403 - 33899. What is the tens digit of k?
0
Let v(r) = 6*r**2 + 9*r - 25. Let j be v(4). Let s = j - 71. What is the tens digit of s?
3
Suppose 10 = -51*u + 48*u - 4*h, -3*u + 5*h = 28. What is the thousands digit of -1 - -22*(-399)/u?
1
Let x(y) = -y**3 + 13*y**2 + 13*y - 53. Let a be x(13). Let i = -84 + a. What is the tens digit of i?
3
Suppose 5*w - 96 = 5*k - 1, 0 = 5*w + 5*k - 75. Suppose 5*d - w*z - 4577 = -18*z, 0 = 3*d - 5*z - 2763. What is the hundreds digit of d?
9
Let z = 3383 - 1914. Suppose -2*c + z = 2*n + 121, 2*c - 1318 = 4*n. What is the hundreds digit of c?
6
Suppose 48*y + 23*y - 469547 = 52*y. What is the hundreds digit of y?
7
Let d = 313 + -38. Let w = -142 + d. What is the tens digit of w?
3
Let v be 5*5*(-645)/(-75). Let f = v - 156. What is the units digit of f?
9
What is the units digit of (-111012)/(-30) + ((-9)/(-5))/3?
1
What is the hundreds digit of ((-270)/(-20) - 11)*(84054/15)/1?
0
Let f = -16205 + 31676. What is the tens digit of f?
7
Suppose -2*h + 3*b + 8799 = 0, 0 = 4*b - 23 + 3. Let n = h - 2695. What is the thousands digit of n?
1
Let d(v) = -v**2 - 23*v - 53. Let t be d(-20). Let c(q) = q**3 - 4*q**2 - 9*q + 15. What is the units digit of c(t)?
9
Let d = 93644 + -48247. What is the tens digit of d?
9
Let o(a) be the second derivative of 6*a**4 - a**3/3 + 7*a**2/2 + 6*a + 21. What is the hundreds digit of o(3)?
6
Suppose -12*n = -7*n - 370. Suppose 5*x + 3*o = 8*o - 115, -3*x = -2*o + n. What is the units digit of ((-492)/7)/(8/x)?
6
Let n(o) = 7*o**2 + 12*o - 94. What is the units digit of n(19)?
1
Let l(u) = -2*u**3 - 21*u**2 - 9*u - 29. Let j(s) = -s**2 - 19*s - 82. Let p be j(-5). What is the hundreds digit of l(p)?
5
Suppose 0 = -z - 2*r + 87, -3*r + 101 - 14 = z. Suppose 358 = 3*p - 5*l, -37 = -p - 3*l + z. What is the tens digit of p?
2
Let f(i) = -2*i - 2. Let w be f(-4). Let r(p) = 4*p - 921 - 847 + 1767. What is the tens digit of r(w)?
2
Suppose -55*z - 450 = -60*z. Suppose l + z = -4*l. What is the tens digit of (l/(-12) + (-1)/(-2))*5?
1
What is the thousands digit of (-3560403)/(-189) - 2/18?
8
Let v = 489 - 484. Suppose h - 4*s = 185, -5*h - v*s = -6*h + 188. What is the hundreds digit of h?
1
Suppose -1826 = -t + 5*a, 5*a - 7503 + 2105 = -3*t. What is the tens digit of t?
0
Let d(u) = u**3 + 71*u**2 + 443*u + 196. What is the thousands digit of d(-49)?
1
Let q(t) = -t**3 + t**2 - t - 14. Let m be q(0). Let r = 35 - m. Suppose -r = -7*k + 637. What is the tens digit of k?
9
Let t = -62 + 59. Let p be t/2*(-20)/30. What is the hundreds digit of (12/(-24))/(p/(-474))?
2
Let x be ((-7)/(-3))/(18/(-54)). Let d(j) = -j**3 - 3*j**2 + 5*j + 6. What is the hundreds digit of d(x)?
1
What is the thousands digit of -1*(5 + 6 + -1788)?
1
Suppose -33*c - 94891 = -244480. What is the units digit of c?
3
Suppose 0*g + 2*g - 16 = -4*t, g = -4*t + 8. Let l(c) = -1 + 492*c**2 - c - g*c**3 - 492*c**2. What is the tens digit of l(-2)?
6
What is the tens digit of (46 - -2)/((-11)/(-7)*(-18)/(-30393))?
7
Let s(d) = 539*d**2 + 4*d - 59. Let w be s(-8). Suppose 35*h - w = -13230. What is the tens digit of h?
0
Let y = 2593 - 1269. Suppose -3*c - 276 = -q, 2*q - 7*q = -c - y. What is the hundreds digit of q?
2
Let k(w) be the second derivative of -w**5/20 - 7*w**4/6 + 16*w**3/3 - 35*w**2 + 277*w. What is the thousands digit of k(-19)?
1
Let a = 7572 - 877. What is the units digit of a?
5
What is the tens digit of 6/14*(-815766)/(-18)?
2
Suppose 3*q - 9 = 0, 36*i + 4*q = 38*i - 32358. What is the units digit of i?
5
Suppose -33*c + 11*c = -66. Suppose c*k = 1101 + 927. What is the tens digit of k?
7
Let y(u) = 13*u + 3*u**2 - 5*u + 0 - 10 - u. Let d be y(-6). Let c = 7 + d. What is the tens digit of c?
6
Suppose -47 = 4*w + 3*c, 5*c - c + 26 = -2*w. Let a(o) = -o**3 - 9*o**2 - 11*o + 17. What is the tens digit of a(w)?
8
Let l = -15148 + 22246. What is the units digit of l?
8
Let h(g) = -3*g + 1 - 18454*g**3 + 9*g + 18453*g**3 - 5*g**2. Let r(v) = 6*v**3 - v**2 - 2*v - 1. Let z be r(-1). What is the units digit of h(z)?
1
Let x = 126 + -36. What is the units digit of (x - -3)*12/9?
4
What is the units digit of (-1 - -4) + (1882881/55 - (-16)/20)?
8
Let c(o) = -2*o**2 + 18*o - 20. Let d be c(9). Let f = d - -350. Suppose 4*u - i - i - f = 0, 4*u + 3*i = 325. What is the units digit of u?
2
Suppose 5*p - 2 = -22. What is the tens digit of 515/(p/5 - 18/(-10))?
1
Suppose -41 - 123 = h. Let o = h + 280. What is the units digit of o?
6
Let j = 347 - 258. Suppose 2067 = 3*o - 4*b, b + 779 - j = o. What is the units digit of o?
3
Suppose 2*g - 12433 = -b, 0 = 261*b - 256*b - 25. What is the hundreds digit of g?
2
Suppose -333 = 4*a + 3*f, 0 = 3*a - 4*a + 3*f - 87. Let x = 452 - 310. Let s = x + a. What is the units digit of s?
8
Let m(s) = -s**3 + 36*s**2 - 137*s + 2685. What is the thousands digit of m(23)?
6
Let u(f) be the third derivative of -2*f**4/3 - 9*f**3 - 39*f**2. Let b be u(-24). Let h = b - 78. What is the units digit of h?
2
Let t(z) = 2578*z**2 + 34*z - 36. What is the units digit of t(1)?
6
What is the hundreds digit of (-15 - (1328 - -12))*-1?
3
Let l = 1579 - 966. Let w = l - 365. What is the tens digit of w?
4
Let n(s) = 27*s**2 + 6*s + 35. Suppose -6*b + 2*b - 21 = 3*z, 2*b + 17 = 5*z. What is the units digit of n(b)?
1
Let y(c) = -248*c + 12584. What is the units digit of y(0)?
4
Suppose 7607 = 3*f + b, 839*f - 2521 = 838*f - 4*b. What is the thousands digit of f?
2
Let o = -65 - -105. Let i be (-4 + 1 - -5) + -20. Let v = o - i. What is the tens digit of v?
5
Suppose 0 = -2*u + 8*u - 18. Let r(w) = -3*w**3 - 6*w**2 - w + 9. Let z(i) = -2*i**2 + i + 1. Let q(n) = -r(n) + 4*z(n). What is the tens digit of q(u)?
7
Let n(g) = -g**2 - 6*g + 12. Let h be n(-13). Let j = h - -67. What is the units digit of (-6)/j + 426/4?
7
Suppose -v = -i - 231, 4*i = -4*v + 708 + 208. Suppose 3*y + 7*y - v = 0. Suppose 7*j + 1152 = y*j. What is the tens digit of j?
7
What is the units digit of ((238/(-51))/((-2)/(-6)))/((-7)/3507)?
4
Let h(d) = -650*d**3 - 2*d**2 - d + 1. Let l be h(-1). Suppose -5*i + 1276 + 370 = 3*r, -2*i + l = -3*r. What is the units digit of i?
8
Let y = -2749 + 2745. Let q(p) = -3 + 6 - 6*p + 1. What is the tens digit of q(y)?
2
Suppose 2*h - 8 - 8 = -2*y, 0 = 2*h + 3*y - 19. What is the hundreds digit of -1 - -414 - (-30)/h?
4
Let f = -151 + 85. Let h = 72 + f. What is the units digit of (13/2)/(3/h)?
3
Let q(t) = t**3 - 8*t**2 - 13*t + 5. Suppose 17*v - 9 = 16*v. Let l be q(v). What is the tens digit of l*5/(10/(-2))?
3
Suppose 9*w - 13 - 14 = 0. Suppose -12 = -w*m + 4*n, 0 = -m + 4*n - 4 - 0. Suppose -10*r = -m*r - 232. What is the units digit of r?
6
Let l = -1292 + 1017. Suppose 4*g + 47 = -2*b - g, -4*b = -g + 39. What is the units digit of 2/b - 45975/l?
7
Let p be ((-4)/(-5))/((-2)/(-10)*1). Suppose -h + 5*g = 4*h - 2065, -p*h + 1646 = 2*g. What is the units digit of h?
2
Suppose 9*q - 883 - 89 = 0. Let v = -67 + q. What is the units digit of v?
1
What is the units digit of 4*1*(930 - 125)?
0
Let z = 88 + -84. Suppose 0 = 4*x - z*m - 1736, m - 1318 = -x - 2*x. What is the tens digit of x?
3
Suppose 3*l + 2*p = 4*p + 99, 4*l - 4*p - 132 = 0. What is the units digit of 16/2 - (-10362)/l?
2
Let g be (-5)/(105/6) + (-22)/(-77). Suppose s + 37*s - 9424 = g. What is the tens digit of s?
4
What is the units digit of (12 - 9) + 19484 + -15?
2
Let q = -18 - -24. Let m(r) = r**3 - 7*r**2 + 3*r - 14. Let n be m(q). Let u = n - -90. What is the tens digit of u?
5
Let c = -91 - -94. Suppose 3*v - 5*j - 986 = -c*j, -307 = -v + 5*j. Suppose -4*g + 4*s = -v, 0 = -5*g + s + s + 400. What is the tens digit of g?
7
Suppose k - 609 = 241. Suppose k = 4*q - 1270. What is the tens digit of q?
3
Let c be -2*(1 + -2) - -4. Suppose 0 = -y - r - r + 10, y - c = -r. Suppose -342 + 72 = -y*x. What is the units digit of x?
5
What is the thousands digit of (1537/(-58))/(157/(-78) - -2)?
2
Let t = -766 - -1219. Suppose t + 657 = 5*j. What is the